{"id":361,"date":"2025-01-17T07:38:54","date_gmt":"2025-01-17T06:38:54","guid":{"rendered":"https:\/\/www.dermacain.de\/?page_id=361"},"modified":"2025-07-21T18:40:59","modified_gmt":"2025-07-21T16:40:59","slug":"schmerzfreie-tattoos-revolutionieren-sie-ihr-erlebnis-mit-der-original-tktx-betaeubungscreme","status":"publish","type":"page","link":"https:\/\/www.tktx-shop.xyz\/?page_id=361","title":{"rendered":"Brezbole\u010da tetova\u017ea \u2013 Revolucionirajte svoje do\u017eivetje z izvirno TKTX anesteti\u010dno kremo!"},"content":{"rendered":"<h2 data-start=\"144\" data-end=\"202\">\ud83c\udf89 Dobrodo\u0161li v novi standard za tetova\u017ee brez bole\u010din!<\/h2>\n<p data-start=\"204\" data-end=\"459\">Ste pripravljeni na tetova\u017eo, vendar vas <strong data-start=\"245\" data-end=\"277\">strah pred bole\u010dino zadr\u017euje<\/strong>?<br data-start=\"278\" data-end=\"281\" \/>Z <strong data-start=\"283\" data-end=\"320\">originalno TKTX anesteti\u010dno kremo<\/strong> je teh skrbi konec.<br data-start=\"340\" data-end=\"343\" \/>\u017de <strong data-start=\"346\" data-end=\"363\">ve\u010d kot 6 let<\/strong> pomagamo ljubiteljem tetova\u017e in umetnikom pri odpravi bole\u010din in ustvarjamo spro\u0161\u010deno izku\u0161njo.<\/p>\n<p><iframe loading=\"lazy\" title=\"Kako pravilno nanesti anesteti\u010dno kremo TKTX pred tetova\u017eo?\" width=\"760\" height=\"428\" src=\"https:\/\/www.youtube.com\/embed\/5HZfXko8OVI?feature=oembed\" frameborder=\"0\" allow=\"accelerometer; autoplay; clipboard-write; encrypted-media; gyroscope; picture-in-picture; web-share\" referrerpolicy=\"strict-origin-when-cross-origin\" allowfullscreen><\/iframe><\/p>\n<h3 data-start=\"466\" data-end=\"495\">\ud83e\uddf4 Kako uporabljati TKTX?<\/h3>\n<ol data-start=\"497\" data-end=\"655\">\n<li data-start=\"497\" data-end=\"545\">\n<p data-start=\"500\" data-end=\"545\">Nanesite <strong data-start=\"509\" data-end=\"534\">debel sloj TKTX kreme<\/strong> na ko\u017eo.<\/p>\n<\/li>\n<li data-start=\"546\" data-end=\"598\">\n<p data-start=\"549\" data-end=\"598\">Obmo\u010dje zavijte v <strong data-start=\"567\" data-end=\"595\">prozorno \u017eivilsko folijo<\/strong>.<\/p>\n<\/li>\n<li data-start=\"599\" data-end=\"655\">\n<p data-start=\"602\" data-end=\"655\">Po\u010dakajte <strong data-start=\"612\" data-end=\"627\">30\u201340 minut<\/strong>, da krema optimalno deluje.<\/p>\n<\/li>\n<\/ol>\n<p data-start=\"657\" data-end=\"723\">Primerno za vsako sejo \u2013 od majhnih dizajnov do velikih projektov.<\/p>\n<hr data-start=\"725\" data-end=\"728\" \/>\n<h3 data-start=\"730\" data-end=\"799\">\ud83d\udd52 \u010cas je, da u\u017eivate v tetoviranju \u2013 brez strahu pred bole\u010dinami<\/h3>\n<p data-start=\"801\" data-end=\"911\">Izberite mo\u010d omrtvi\u010denja, ki ustreza va\u0161im potrebam, in odkrijte svet <strong data-start=\"871\" data-end=\"910\">udobnega tetoviranja brez trpljenja<\/strong>.<\/p>\n<hr data-start=\"913\" data-end=\"916\" \/>\n<h3 data-start=\"918\" data-end=\"949\">\u2705 Zakaj je TKTX \u0161tevilka 1?<\/h3>\n<ul data-start=\"951\" data-end=\"1412\">\n<li data-start=\"951\" data-end=\"1036\">\n<p data-start=\"953\" data-end=\"1036\"><strong data-start=\"953\" data-end=\"985\">U\u010dinkovita bla\u017eitev bole\u010dine<\/strong> \u2013 ko\u017ea postane omrtvi\u010dena, bole\u010dine skorajda ni.<\/p>\n<\/li>\n<li data-start=\"1037\" data-end=\"1155\">\n<p data-start=\"1039\" data-end=\"1155\"><strong data-start=\"1039\" data-end=\"1064\">Overjena originalnost<\/strong> \u2013 vsaka krema prihaja neposredno od proizvajalca, z <strong data-start=\"1117\" data-end=\"1152\">garancijskim varnostnim pe\u010datom<\/strong>.<\/p>\n<\/li>\n<li data-start=\"1156\" data-end=\"1235\">\n<p data-start=\"1158\" data-end=\"1235\"><strong data-start=\"1158\" data-end=\"1191\">Priljubljena pri tetovatorjih<\/strong> \u2013 manj gibanja = bolj natan\u010dni rezultati.<\/p>\n<\/li>\n<li data-start=\"1236\" data-end=\"1328\">\n<p data-start=\"1238\" data-end=\"1328\"><strong data-start=\"1238\" data-end=\"1261\">Ve\u010dnamenska uporaba<\/strong> \u2013 za tetova\u017ee, PMU, odstranjevanje tetova\u017e z laserjem in \u0161e ve\u010d.<\/p>\n<\/li>\n<li data-start=\"1329\" data-end=\"1412\">\n<p data-start=\"1331\" data-end=\"1412\"><strong data-start=\"1331\" data-end=\"1372\">Hiter u\u010dinek in dolgotrajno delovanje<\/strong> \u2013 enostaven nanos, deluje do <strong data-start=\"1402\" data-end=\"1411\">3 ure<\/strong>!<\/p>\n<\/li>\n<\/ul>\n<hr data-start=\"1414\" data-end=\"1417\" \/>\n<h3 data-start=\"1419\" data-end=\"1452\">\ud83e\udd1d Zakaj nam stranke zaupajo?<\/h3>\n<ul data-start=\"1454\" data-end=\"1718\">\n<li data-start=\"1454\" data-end=\"1538\">\n<p data-start=\"1456\" data-end=\"1538\">Ve\u010d kot <strong data-start=\"1464\" data-end=\"1482\">6 let izku\u0161enj<\/strong> s prodajo TKTX krem in podporo strankam po vsem svetu<\/p>\n<\/li>\n<li data-start=\"1539\" data-end=\"1626\">\n<p data-start=\"1541\" data-end=\"1626\"><strong data-start=\"1541\" data-end=\"1573\">100 % garancija zadovoljstva<\/strong> \u2013 niste zadovoljni? Po\u0161ljite nazaj in vrnemo denar<\/p>\n<\/li>\n<li data-start=\"1627\" data-end=\"1683\">\n<p data-start=\"1629\" data-end=\"1683\"><strong data-start=\"1629\" data-end=\"1651\">Brezpla\u010dna dostava<\/strong> pri nakupu <strong data-start=\"1663\" data-end=\"1681\">3 ali ve\u010d krem<\/strong><\/p>\n<\/li>\n<li data-start=\"1684\" data-end=\"1718\">\n<p data-start=\"1686\" data-end=\"1718\">\ud83d\ude9a <em data-start=\"1689\" data-end=\"1718\">Dostava v DVA DELOVNA DNEVA<\/em><\/p>\n<\/li>\n<\/ul>\n<p data-start=\"1720\" data-end=\"1812\">\ud83c\udfa5 Video z navodili za uporabo: <a class=\"\" href=\"https:\/\/youtu.be\/5HZfXko8OVI\" target=\"_new\" rel=\"noopener\" data-start=\"1752\" data-end=\"1812\">https:\/\/youtu.be\/5HZfXko8OVI<\/a><\/p>\n<h4><\/h4>\n<p><a href=\"https:\/\/www.tktx-shop.xyz\/?product=tktx-tattoo-creme-40-kopia\"><img loading=\"lazy\" decoding=\"async\" class=\"aligncenter wp-image-87 size-large\" src=\"https:\/\/www.tktx-shop.xyz\/wp-content\/uploads\/2023\/10\/7-1024x560.png\" alt=\"TKTX tetova\u017ena krema 40%\" width=\"760\" height=\"416\" srcset=\"https:\/\/www.tktx-shop.xyz\/wp-content\/uploads\/2023\/10\/7-1024x560.png 1024w, https:\/\/www.tktx-shop.xyz\/wp-content\/uploads\/2023\/10\/7-300x164.png 300w, https:\/\/www.tktx-shop.xyz\/wp-content\/uploads\/2023\/10\/7-600x328.png 600w, https:\/\/www.tktx-shop.xyz\/wp-content\/uploads\/2023\/10\/7-768x420.png 768w, https:\/\/www.tktx-shop.xyz\/wp-content\/uploads\/2023\/10\/7.png 1080w\" sizes=\"auto, (max-width: 760px) 100vw, 760px\" \/><\/a> <a href=\"https:\/\/www.tktx-shop.xyz\/?product=anasthesiecreme-tktx-55-gold\"><img loading=\"lazy\" decoding=\"async\" class=\"aligncenter wp-image-88 size-large\" src=\"https:\/\/www.tktx-shop.xyz\/wp-content\/uploads\/2023\/10\/8-1024x599.png\" alt=\"TKTX Gold omamljena krema za tetoviranje\" width=\"760\" height=\"445\" srcset=\"https:\/\/www.tktx-shop.xyz\/wp-content\/uploads\/2023\/10\/8-1024x599.png 1024w, https:\/\/www.tktx-shop.xyz\/wp-content\/uploads\/2023\/10\/8-300x176.png 300w, https:\/\/www.tktx-shop.xyz\/wp-content\/uploads\/2023\/10\/8-600x351.png 600w, https:\/\/www.tktx-shop.xyz\/wp-content\/uploads\/2023\/10\/8-768x449.png 768w, https:\/\/www.tktx-shop.xyz\/wp-content\/uploads\/2023\/10\/8.png 1080w\" sizes=\"auto, (max-width: 760px) 100vw, 760px\" \/><\/a> <a href=\"https:\/\/www.tktx-shop.xyz\/?product=tktx-anasthesiesalbe-75-kopia\"><img loading=\"lazy\" decoding=\"async\" class=\"aligncenter wp-image-89 size-large\" src=\"https:\/\/www.tktx-shop.xyz\/wp-content\/uploads\/2023\/10\/9-1024x579.png\" alt=\"TKTX 75% anestezinska krema za tetova\u017ee\" width=\"760\" height=\"430\" srcset=\"https:\/\/www.tktx-shop.xyz\/wp-content\/uploads\/2023\/10\/9-1024x579.png 1024w, https:\/\/www.tktx-shop.xyz\/wp-content\/uploads\/2023\/10\/9-300x170.png 300w, https:\/\/www.tktx-shop.xyz\/wp-content\/uploads\/2023\/10\/9-600x339.png 600w, https:\/\/www.tktx-shop.xyz\/wp-content\/uploads\/2023\/10\/9-768x434.png 768w, https:\/\/www.tktx-shop.xyz\/wp-content\/uploads\/2023\/10\/9.png 1080w\" sizes=\"auto, (max-width: 760px) 100vw, 760px\" \/><\/a><\/p>\n<h3><a href=\"https:\/\/www.tktx-shop.xyz\/?page_id=14\"><img loading=\"lazy\" decoding=\"async\" class=\"aligncenter wp-image-126 size-large\" src=\"https:\/\/www.tktx-shop.xyz\/wp-content\/uploads\/2023\/10\/ezgif.com-gif-maker-1024x456.gif\" alt=\"Tattoo-anestezijska krema TKTX Dermacain krema\" width=\"760\" height=\"338\" srcset=\"https:\/\/www.tktx-shop.xyz\/wp-content\/uploads\/2023\/10\/ezgif.com-gif-maker-1024x456.gif 1024w, https:\/\/www.tktx-shop.xyz\/wp-content\/uploads\/2023\/10\/ezgif.com-gif-maker-300x134.gif 300w, https:\/\/www.tktx-shop.xyz\/wp-content\/uploads\/2023\/10\/ezgif.com-gif-maker-768x342.gif 768w, https:\/\/www.tktx-shop.xyz\/wp-content\/uploads\/2023\/10\/ezgif.com-gif-maker-600x267.gif 600w\" sizes=\"auto, (max-width: 760px) 100vw, 760px\" \/><\/a><\/h3>\n<p>&nbsp;<\/p>\n<p><strong>Na kaj \u0161e \u010dakate? Zavarujte si svojo TKTX kremo zdaj in do\u017eivite brezbolno tetoviranje!<\/strong><\/p>\n<p><img loading=\"lazy\" decoding=\"async\" class=\"aligncenter wp-image-847 size-large\" src=\"https:\/\/www.tktx-shop.xyz\/wp-content\/uploads\/2025\/07\/2-1-974x1024.png\" alt=\"\" width=\"760\" height=\"799\" srcset=\"https:\/\/www.tktx-shop.xyz\/wp-content\/uploads\/2025\/07\/2-1-974x1024.png 974w, https:\/\/www.tktx-shop.xyz\/wp-content\/uploads\/2025\/07\/2-1-285x300.png 285w, https:\/\/www.tktx-shop.xyz\/wp-content\/uploads\/2025\/07\/2-1-768x808.png 768w, https:\/\/www.tktx-shop.xyz\/wp-content\/uploads\/2025\/07\/2-1-300x316.png 300w, https:\/\/www.tktx-shop.xyz\/wp-content\/uploads\/2025\/07\/2-1-600x631.png 600w, https:\/\/www.tktx-shop.xyz\/wp-content\/uploads\/2025\/07\/2-1.png 1080w\" sizes=\"auto, (max-width: 760px) 100vw, 760px\" \/> <a href=\"https:\/\/www.tktx-shop.xyz\/?product=3-stuck-x-anasthesiecreme-tktx-55-gold-kostenloser-versand\"><img loading=\"lazy\" decoding=\"async\" class=\"aligncenter wp-image-849 size-large\" src=\"https:\/\/www.tktx-shop.xyz\/wp-content\/uploads\/2025\/07\/4-1-963x1024.png\" alt=\"\" width=\"760\" height=\"808\" srcset=\"https:\/\/www.tktx-shop.xyz\/wp-content\/uploads\/2025\/07\/4-1-963x1024.png 963w, https:\/\/www.tktx-shop.xyz\/wp-content\/uploads\/2025\/07\/4-1-282x300.png 282w, https:\/\/www.tktx-shop.xyz\/wp-content\/uploads\/2025\/07\/4-1-768x816.png 768w, https:\/\/www.tktx-shop.xyz\/wp-content\/uploads\/2025\/07\/4-1-300x319.png 300w, https:\/\/www.tktx-shop.xyz\/wp-content\/uploads\/2025\/07\/4-1-600x638.png 600w, https:\/\/www.tktx-shop.xyz\/wp-content\/uploads\/2025\/07\/4-1.png 1080w\" sizes=\"auto, (max-width: 760px) 100vw, 760px\" \/><\/a> <a href=\"https:\/\/www.tktx-shop.xyz\/?product=3-stuck-x-tktx-anasthesiesalbe-75-kostenloser-versand\"><img loading=\"lazy\" decoding=\"async\" class=\"aligncenter wp-image-851 size-large\" src=\"https:\/\/www.tktx-shop.xyz\/wp-content\/uploads\/2025\/07\/6-1-926x1024.png\" alt=\"\" width=\"760\" height=\"840\" srcset=\"https:\/\/www.tktx-shop.xyz\/wp-content\/uploads\/2025\/07\/6-1-926x1024.png 926w, https:\/\/www.tktx-shop.xyz\/wp-content\/uploads\/2025\/07\/6-1-271x300.png 271w, https:\/\/www.tktx-shop.xyz\/wp-content\/uploads\/2025\/07\/6-1-768x849.png 768w, https:\/\/www.tktx-shop.xyz\/wp-content\/uploads\/2025\/07\/6-1-300x332.png 300w, https:\/\/www.tktx-shop.xyz\/wp-content\/uploads\/2025\/07\/6-1-600x663.png 600w, https:\/\/www.tktx-shop.xyz\/wp-content\/uploads\/2025\/07\/6-1.png 1080w\" sizes=\"auto, (max-width: 760px) 100vw, 760px\" \/><\/a>Ob nakupu 3 ali ve\u010d kosov je dostava brezpla\u010dna. Mo\u017ena je tudi dostava na dom s kurirjem. Narkoti\u010dno kremo lahko pla\u010date s kreditno kartico ali po povzetju. Vsi paketi z anesteti\u010dno kremo bodo poslani \u010dim prej, predvidena dostava v 3 delovnih dneh (paketi se po\u0161iljajo vsak delovni dan do 11:00).<\/p>\n<p><a href=\"https:\/\/www.tktx-shop.xyz\/?page_id=6\"><img loading=\"lazy\" decoding=\"async\" class=\"aligncenter wp-image-40 size-medium\" src=\"https:\/\/www.tktx-shop.xyz\/wp-content\/uploads\/2023\/04\/Orange-Truck-Free-Shipping-Instagram-Post-1-e1690105712757-300x300.png\" alt=\"Anestezijska mazilo TKTX 40%\" width=\"300\" height=\"300\" srcset=\"https:\/\/www.tktx-shop.xyz\/wp-content\/uploads\/2023\/04\/Orange-Truck-Free-Shipping-Instagram-Post-1-e1690105712757-300x300.png 300w, https:\/\/www.tktx-shop.xyz\/wp-content\/uploads\/2023\/04\/Orange-Truck-Free-Shipping-Instagram-Post-1-e1690105712757-100x100.png 100w, https:\/\/www.tktx-shop.xyz\/wp-content\/uploads\/2023\/04\/Orange-Truck-Free-Shipping-Instagram-Post-1-e1690105712757-150x150.png 150w, https:\/\/www.tktx-shop.xyz\/wp-content\/uploads\/2023\/04\/Orange-Truck-Free-Shipping-Instagram-Post-1-e1690105712757.png 487w\" sizes=\"auto, (max-width: 300px) 100vw, 300px\" \/><\/a><\/p>\n<p><strong>Na kaj \u0161e \u010dakate? Zavarujte si svojo TKTX kremo zdaj in do\u017eivite brezbolno tetoviranje!<\/strong><\/p>\n<h3><a href=\"https:\/\/www.tktx-shop.xyz\/?page_id=14\"><img loading=\"lazy\" decoding=\"async\" class=\"aligncenter wp-image-126 size-large\" src=\"https:\/\/www.tktx-shop.xyz\/wp-content\/uploads\/2023\/10\/ezgif.com-gif-maker-1024x456.gif\" alt=\"Tattoo-anestezijska krema TKTX Dermacain krema\" width=\"760\" height=\"338\" srcset=\"https:\/\/www.tktx-shop.xyz\/wp-content\/uploads\/2023\/10\/ezgif.com-gif-maker-1024x456.gif 1024w, https:\/\/www.tktx-shop.xyz\/wp-content\/uploads\/2023\/10\/ezgif.com-gif-maker-300x134.gif 300w, https:\/\/www.tktx-shop.xyz\/wp-content\/uploads\/2023\/10\/ezgif.com-gif-maker-768x342.gif 768w, https:\/\/www.tktx-shop.xyz\/wp-content\/uploads\/2023\/10\/ezgif.com-gif-maker-600x267.gif 600w\" sizes=\"auto, (max-width: 760px) 100vw, 760px\" \/><\/a><\/h3>\n<p>&nbsp;<\/p>\n<p><strong>Morda vas zanima&#8230;<\/strong><\/p>\n<p><a href=\"https:\/\/www.tktx-shop.xyz\/?page_id=363\">Brezbole\u010de tetova\u017ee? Odkrijte mo\u010d izvirne TKTX anesteti\u010dne kreme!<\/a><\/p>\n<p><a href=\"https:\/\/www.tktx-shop.xyz\/?page_id=378\">Brezbole\u010dinska PMU zdravljenja s TKTX: Pot do popolnosti brez trpljenja<\/a><\/p>\n<p><a href=\"https:\/\/www.tktx-shop.xyz\/?page_id=367\">Brezsindromno tetoviranje? Odkrijte \u010darobnost originalne TKTX kreme za laj\u0161anje bole\u010din pri tetoviranju!<\/a><\/p>\n<p><a href=\"https:\/\/www.tktx-shop.xyz\"><strong>Domov<\/strong><\/a><\/p>\n","protected":false},"excerpt":{"rendered":"<p>\ud83c\udf89 Dobrodo\u0161li v novi standard za tetova\u017ee brez bole\u010din! Ste pripravljeni na tetova\u017eo, vendar vas strah pred bole\u010dino zadr\u017euje?Z originalno TKTX anesteti\u010dno kremo je teh skrbi konec.\u017de ve\u010d kot 6 let pomagamo ljubiteljem tetova\u017e in umetnikom pri odpravi bole\u010din in ustvarjamo spro\u0161\u010deno izku\u0161njo. \ud83e\uddf4 Kako uporabljati TKTX? Nanesite debel sloj TKTX kreme na ko\u017eo. Obmo\u010dje [&hellip;]<\/p>\n","protected":false},"author":1,"featured_media":0,"parent":0,"menu_order":0,"comment_status":"closed","ping_status":"closed","template":"","meta":{"_monsterinsights_skip_tracking":false,"_monsterinsights_sitenote_active":false,"_monsterinsights_sitenote_note":"","_monsterinsights_sitenote_category":0,"footnotes":""},"class_list":["post-361","page","type-page","status-publish","hentry"],"yoast_head":"<!-- This site is optimized with the Yoast SEO plugin v25.2 - https:\/\/yoast.com\/wordpress\/plugins\/seo\/ -->\n<title>Brezbole\u010da tetova\u017ea \u2013 Revolucionirajte svoje do\u017eivetje z izvirno TKTX anesteti\u010dno kremo! - Dermacain<\/title>\n<meta name=\"description\" content=\"S TKTX do brezskrbnega tetoviranja. Do 3 ure anesteti\u010dnega u\u010dinka, 6 let izku\u0161enj, 100 % original, brezpla\u010dna dostava od 3 kosov. Dostava v dveh delovnih dneh.\" \/>\n<meta name=\"robots\" content=\"index, follow, max-snippet:-1, max-image-preview:large, max-video-preview:-1\" \/>\n<link rel=\"canonical\" href=\"https:\/\/www.tktx-shop.xyz\/?page_id=361\" \/>\n<meta property=\"og:locale\" content=\"de_DE\" \/>\n<meta property=\"og:type\" content=\"article\" \/>\n<meta property=\"og:title\" content=\"Brezbole\u010da tetova\u017ea \u2013 Revolucionirajte svoje do\u017eivetje z izvirno TKTX anesteti\u010dno kremo! - Dermacain\" \/>\n<meta property=\"og:description\" content=\"S TKTX do brezskrbnega tetoviranja. Do 3 ure anesteti\u010dnega u\u010dinka, 6 let izku\u0161enj, 100 % original, brezpla\u010dna dostava od 3 kosov. Dostava v dveh delovnih dneh.\" \/>\n<meta property=\"og:url\" content=\"https:\/\/www.tktx-shop.xyz\/?page_id=361\" \/>\n<meta property=\"og:site_name\" content=\"Dermacain\" \/>\n<meta property=\"article:modified_time\" content=\"2025-07-21T16:40:59+00:00\" \/>\n<meta property=\"og:image\" content=\"https:\/\/www.tktx-shop.xyz\/wp-content\/uploads\/2023\/10\/7.png\" \/>\n\t<meta property=\"og:image:width\" content=\"1080\" \/>\n\t<meta property=\"og:image:height\" content=\"591\" \/>\n\t<meta property=\"og:image:type\" content=\"image\/png\" \/>\n<meta name=\"twitter:card\" content=\"summary_large_image\" \/>\n<meta name=\"twitter:label1\" content=\"Gesch\u00e4tzte Lesezeit\" \/>\n\t<meta name=\"twitter:data1\" content=\"4\u00a0Minuten\" \/>\n<script type=\"application\/ld+json\" class=\"yoast-schema-graph\">{\"@context\":\"https:\/\/schema.org\",\"@graph\":[{\"@type\":\"WebPage\",\"@id\":\"https:\/\/www.tktx-shop.xyz\/?page_id=361\",\"url\":\"https:\/\/www.tktx-shop.xyz\/?page_id=361\",\"name\":\"Brezbole\u010da tetova\u017ea \u2013 Revolucionirajte svoje do\u017eivetje z izvirno TKTX anesteti\u010dno kremo! - Dermacain\",\"isPartOf\":{\"@id\":\"https:\/\/www.tktx-shop.xyz\/#website\"},\"primaryImageOfPage\":{\"@id\":\"https:\/\/www.tktx-shop.xyz\/?page_id=361#primaryimage\"},\"image\":{\"@id\":\"https:\/\/www.tktx-shop.xyz\/?page_id=361#primaryimage\"},\"thumbnailUrl\":\"https:\/\/www.tktx-shop.xyz\/wp-content\/uploads\/2023\/10\/7-1024x560.png\",\"datePublished\":\"2025-01-17T06:38:54+00:00\",\"dateModified\":\"2025-07-21T16:40:59+00:00\",\"description\":\"S TKTX do brezskrbnega tetoviranja. Do 3 ure anesteti\u010dnega u\u010dinka, 6 let izku\u0161enj, 100 % original, brezpla\u010dna dostava od 3 kosov. Dostava v dveh delovnih dneh.\",\"breadcrumb\":{\"@id\":\"https:\/\/www.tktx-shop.xyz\/?page_id=361#breadcrumb\"},\"inLanguage\":\"de\",\"potentialAction\":[{\"@type\":\"ReadAction\",\"target\":[\"https:\/\/www.tktx-shop.xyz\/?page_id=361\"]}]},{\"@type\":\"ImageObject\",\"inLanguage\":\"de\",\"@id\":\"https:\/\/www.tktx-shop.xyz\/?page_id=361#primaryimage\",\"url\":\"https:\/\/www.tktx-shop.xyz\/wp-content\/uploads\/2023\/10\/7.png\",\"contentUrl\":\"https:\/\/www.tktx-shop.xyz\/wp-content\/uploads\/2023\/10\/7.png\",\"width\":1080,\"height\":591,\"caption\":\"TKTX Tattoo-Creme\"},{\"@type\":\"BreadcrumbList\",\"@id\":\"https:\/\/www.tktx-shop.xyz\/?page_id=361#breadcrumb\",\"itemListElement\":[{\"@type\":\"ListItem\",\"position\":1,\"name\":\"Home\",\"item\":\"https:\/\/www.tktx-shop.xyz\/\"},{\"@type\":\"ListItem\",\"position\":2,\"name\":\"Brezbole\u010da tetova\u017ea \u2013 Revolucionirajte svoje do\u017eivetje z izvirno TKTX anesteti\u010dno kremo!\"}]},{\"@type\":\"WebSite\",\"@id\":\"https:\/\/www.tktx-shop.xyz\/#website\",\"url\":\"https:\/\/www.tktx-shop.xyz\/\",\"name\":\"Dermacain\",\"description\":\"Wir machen Ihre Tattoos angenehmer\",\"potentialAction\":[{\"@type\":\"SearchAction\",\"target\":{\"@type\":\"EntryPoint\",\"urlTemplate\":\"https:\/\/www.tktx-shop.xyz\/?s={search_term_string}\"},\"query-input\":{\"@type\":\"PropertyValueSpecification\",\"valueRequired\":true,\"valueName\":\"search_term_string\"}}],\"inLanguage\":\"de\"}]}<\/script>\n<!-- \/ Yoast SEO plugin. -->","yoast_head_json":{"title":"Brezbole\u010da tetova\u017ea \u2013 Revolucionirajte svoje do\u017eivetje z izvirno TKTX anesteti\u010dno kremo! - Dermacain","description":"S TKTX do brezskrbnega tetoviranja. Do 3 ure anesteti\u010dnega u\u010dinka, 6 let izku\u0161enj, 100 % original, brezpla\u010dna dostava od 3 kosov. Dostava v dveh delovnih dneh.","robots":{"index":"index","follow":"follow","max-snippet":"max-snippet:-1","max-image-preview":"max-image-preview:large","max-video-preview":"max-video-preview:-1"},"canonical":"https:\/\/www.tktx-shop.xyz\/?page_id=361","og_locale":"de_DE","og_type":"article","og_title":"Brezbole\u010da tetova\u017ea \u2013 Revolucionirajte svoje do\u017eivetje z izvirno TKTX anesteti\u010dno kremo! - Dermacain","og_description":"S TKTX do brezskrbnega tetoviranja. Do 3 ure anesteti\u010dnega u\u010dinka, 6 let izku\u0161enj, 100 % original, brezpla\u010dna dostava od 3 kosov. Dostava v dveh delovnih dneh.","og_url":"https:\/\/www.tktx-shop.xyz\/?page_id=361","og_site_name":"Dermacain","article_modified_time":"2025-07-21T16:40:59+00:00","og_image":[{"width":1080,"height":591,"url":"https:\/\/www.tktx-shop.xyz\/wp-content\/uploads\/2023\/10\/7.png","type":"image\/png"}],"twitter_card":"summary_large_image","twitter_misc":{"Gesch\u00e4tzte Lesezeit":"4\u00a0Minuten"},"schema":{"@context":"https:\/\/schema.org","@graph":[{"@type":"WebPage","@id":"https:\/\/www.tktx-shop.xyz\/?page_id=361","url":"https:\/\/www.tktx-shop.xyz\/?page_id=361","name":"Brezbole\u010da tetova\u017ea \u2013 Revolucionirajte svoje do\u017eivetje z izvirno TKTX anesteti\u010dno kremo! - Dermacain","isPartOf":{"@id":"https:\/\/www.tktx-shop.xyz\/#website"},"primaryImageOfPage":{"@id":"https:\/\/www.tktx-shop.xyz\/?page_id=361#primaryimage"},"image":{"@id":"https:\/\/www.tktx-shop.xyz\/?page_id=361#primaryimage"},"thumbnailUrl":"https:\/\/www.tktx-shop.xyz\/wp-content\/uploads\/2023\/10\/7-1024x560.png","datePublished":"2025-01-17T06:38:54+00:00","dateModified":"2025-07-21T16:40:59+00:00","description":"S TKTX do brezskrbnega tetoviranja. Do 3 ure anesteti\u010dnega u\u010dinka, 6 let izku\u0161enj, 100 % original, brezpla\u010dna dostava od 3 kosov. Dostava v dveh delovnih dneh.","breadcrumb":{"@id":"https:\/\/www.tktx-shop.xyz\/?page_id=361#breadcrumb"},"inLanguage":"de","potentialAction":[{"@type":"ReadAction","target":["https:\/\/www.tktx-shop.xyz\/?page_id=361"]}]},{"@type":"ImageObject","inLanguage":"de","@id":"https:\/\/www.tktx-shop.xyz\/?page_id=361#primaryimage","url":"https:\/\/www.tktx-shop.xyz\/wp-content\/uploads\/2023\/10\/7.png","contentUrl":"https:\/\/www.tktx-shop.xyz\/wp-content\/uploads\/2023\/10\/7.png","width":1080,"height":591,"caption":"TKTX Tattoo-Creme"},{"@type":"BreadcrumbList","@id":"https:\/\/www.tktx-shop.xyz\/?page_id=361#breadcrumb","itemListElement":[{"@type":"ListItem","position":1,"name":"Home","item":"https:\/\/www.tktx-shop.xyz\/"},{"@type":"ListItem","position":2,"name":"Brezbole\u010da tetova\u017ea \u2013 Revolucionirajte svoje do\u017eivetje z izvirno TKTX anesteti\u010dno kremo!"}]},{"@type":"WebSite","@id":"https:\/\/www.tktx-shop.xyz\/#website","url":"https:\/\/www.tktx-shop.xyz\/","name":"Dermacain","description":"Wir machen Ihre Tattoos angenehmer","potentialAction":[{"@type":"SearchAction","target":{"@type":"EntryPoint","urlTemplate":"https:\/\/www.tktx-shop.xyz\/?s={search_term_string}"},"query-input":{"@type":"PropertyValueSpecification","valueRequired":true,"valueName":"search_term_string"}}],"inLanguage":"de"}]}},"_links":{"self":[{"href":"https:\/\/www.tktx-shop.xyz\/index.php?rest_route=\/wp\/v2\/pages\/361","targetHints":{"allow":["GET"]}}],"collection":[{"href":"https:\/\/www.tktx-shop.xyz\/index.php?rest_route=\/wp\/v2\/pages"}],"about":[{"href":"https:\/\/www.tktx-shop.xyz\/index.php?rest_route=\/wp\/v2\/types\/page"}],"author":[{"embeddable":true,"href":"https:\/\/www.tktx-shop.xyz\/index.php?rest_route=\/wp\/v2\/users\/1"}],"replies":[{"embeddable":true,"href":"https:\/\/www.tktx-shop.xyz\/index.php?rest_route=%2Fwp%2Fv2%2Fcomments&post=361"}],"version-history":[{"count":5,"href":"https:\/\/www.tktx-shop.xyz\/index.php?rest_route=\/wp\/v2\/pages\/361\/revisions"}],"predecessor-version":[{"id":920,"href":"https:\/\/www.tktx-shop.xyz\/index.php?rest_route=\/wp\/v2\/pages\/361\/revisions\/920"}],"wp:attachment":[{"href":"https:\/\/www.tktx-shop.xyz\/index.php?rest_route=%2Fwp%2Fv2%2Fmedia&parent=361"}],"curies":[{"name":"wp","href":"https:\/\/api.w.org\/{rel}","templated":true}]}}